rs of 63570093.
3, 3691, 5741
What are the prime factors of 1396242494?
2, 53, 13172099
What are the prime factors of 167103068?
2, 11, 3797797
What are the prime factors of 55760845?
5, 7, 1593167
List the prime factors of 146895145.
5, 563, 52183
What are the prime factors of 6326048394?
2, 3, 6827, 51479
What are the prime factors of 129517048?
2, 23, 703897
What are the prime factors of 1561931619?
3, 29, 283, 63439
What are the prime factors of 2304231667?
349, 6602383
List the prime factors of 57435408.
2, 3, 398857
List the prime factors of 4172158727.
11, 11743, 32299
What are the prime factors of 179634285?
3, 5, 443, 9011
What are the prime factors of 1490848200?
2, 3, 5, 276083
What are the prime factors of 172922015?
5, 7, 4940629
What are the prime factors of 1382061293?
139, 191, 52057
List the prime factors of 109196533.
67, 113, 14423
List the prime factors of 536877181.
536877181
List the prime factors of 1080291482.
2, 540145741
List the prime factors of 136459316.
2, 7, 41, 16981
What are the prime factors of 396690553?
7, 56670079
What are the prime factors of 28142603?
547, 51449
What are the prime factors of 611048051?
17, 41, 439, 1997
What are the prime factors of 33058440?
2, 3, 5, 229, 401
What are the prime factors of 1367629812?
2, 3, 12663239
What are the prime factors of 120366639?
3, 67, 433, 461
List the prime factors of 39226331.
73, 537347
List the prime factors of 91208144.
2, 593, 9613
What are the prime factors of 3452943696?
2, 3, 29, 2480563
What are the prime factors of 71474326?
2, 7, 11, 464119
What are the prime factors of 502161385?
5, 11, 17, 537071
List the prime factors of 907364621.
907364621
What are the prime factors of 301367964?
2, 3, 53, 613, 773
What are the prime factors of 4803686165?
5, 2339, 410747
What are the prime factors of 196185192?
2, 3, 7, 89, 13121
List the prime factors of 24260930.
2, 5, 41, 47, 1259
List the prime factors of 2894721008.
2, 180920063
List the prime factors of 673992487.
7, 96284641
List the prime factors of 2539966431.
3, 31, 27311467
List the prime factors of 4124913327.
3, 1747, 262349
List the prime factors of 3659661497.
19, 192613763
What are the prime factors of 160325381?
7247, 22123
What are the prime factors of 6834045053?
11, 353, 1759991
List the prime factors of 573958366.
2, 31, 9257393
What are the prime factors of 1197555567?
3, 13, 2137, 14369
List the prime factors of 160427416.
2, 127, 157901
What are the prime factors of 46228858?
2, 13, 1778033
List the prime factors of 171945654.
2, 3, 23, 31, 40193
What are the prime factors of 3890797864?
2, 157, 3097769
List the prime factors of 62102497.
62102497
What are the prime factors of 5813852?
2, 11, 229, 577
What are the prime factors of 3911726277?
3, 29, 555091
List the prime factors of 38980369.
83, 271, 1733
List the prime factors of 877602068.
2, 7, 97, 323123
List the prime factors of 172473754.
2, 19, 631, 7193
List the prime factors of 108540227.
108540227
What are the prime factors of 803808339?
3, 467, 573739
List the prime factors of 949890.
2, 3, 5, 31663
List the prime factors of 8799813598.
2, 17, 977, 15583
List the prime factors of 2051324491.
173, 11857367
List the prime factors of 128850224.
2, 8053139
What are the prime factors of 110955305?
5, 29, 765209
List the prime factors of 80962627.
127, 769, 829
List the prime factors of 130934230.
2, 5, 7, 113, 16553
List the prime factors of 874179.
3, 32377
What are the prime factors of 27431827?
27431827
List the prime factors of 167778210.
2, 3, 5, 1487, 3761
List the prime factors of 303677132.
2, 11, 6901753
What are the prime factors of 431319200?
2, 5, 13, 67, 619
What are the prime factors of 170560532?
2, 43, 97, 10223
What are the prime factors of 2937849997?
8011, 366727
List the prime factors of 162313186.
2, 7, 1656257
List the prime factors of 2837674358.
2, 19, 23, 3246767
List the prime factors of 5472596548.
2, 17, 73, 1102457
What are the prime factors of 1956992780?
2, 5, 19, 43, 229, 523
What are the prime factors of 31364748?
2, 3, 487, 1789
What are the prime factors of 6159463131?
3, 2053154377
List the prime factors of 286371517.
47, 6093011
List the prime factors of 57748668.
2, 3, 1103, 4363
List the prime factors of 715168728.
2, 3, 739, 13441
List the prime factors of 83885947.
83885947
List the prime factors of 828875250.
2, 3, 5, 7, 52627
What are the prime factors of 1375032407?
7, 196433201
List the prime factors of 15353630.
2, 5, 1535363
List the prime factors of 1075129626.
2, 3, 179188271
What are the prime factors of 113321457?
3, 4197091
What are the prime factors of 4555069282?
2, 421, 1033, 5237
List the prime factors of 85330506.
2, 3, 23, 618337
What are the prime factors of 1946719743?
3, 29, 47, 476087
List the prime factors of 68531340.
2, 3, 5, 131, 8719
What are the prime factors of 32398315?
5, 6479663
What are the prime factors of 74043568?
2, 17, 137, 1987
List the prime factors of 184134378.
2, 3, 17, 1805239
What are the prime factors of 3658824100?
2, 5, 1097, 33353
What are the prime factors of 181956926?
2, 193, 471391
What are the prime factors of 61070351?
19, 3214229
List the prime factors of 1416494899.
1416494899
What are the prime factors of 94132524?
2, 3, 103, 76159
List the prime factors of 841706157.
3, 280568719
List the prime factors of 111991712.
2, 7, 263, 1901
What are the prime factors of 4919055582?
2, 3, 7, 431, 439, 619
List the prime factors of 2580605027.
7, 11, 13, 2578027
List the prime factors of 237232396.
2, 23, 41, 109, 577
List the prime factors of 859273803.
3, 19, 1217, 4129
What are the prime factors of 27038064?
2, 3, 19, 23, 1289
List the prime factors of 31697143.
139, 163, 1399
List the prime factors of 1685755374.
2, 3, 61, 1867, 2467
List the prime factors of 1491232554.
2, 3, 7, 17, 23, 30269
What are the prime factors of 458635161?
3, 2473, 61819
List the prime factors of 96978821.
73, 1328477
What are the prime factors of 4183920607?
4183920607
What are the prime factors of 42734890?
2, 5, 11, 388499
What are the prime factors of 1054927772?
2, 43, 113, 54277
What are the prime factors of 19075302?
2, 3, 67, 15817
List the prime factors of 1441191255.
3, 5, 7, 37, 409, 907
List the prime factors of 23101282.
2, 11550641
List the prime factors of 2084847316.
2, 521211829
List the prime factors of 2399233192.
2, 83, 181, 19963
List the prime factors of 489926775.
3, 5, 13, 38653
What are the prime factors of 560320636?
2, 2617, 53527
List the prime factors of 3103361817.
3, 199, 5198261
List the prime factors of 84382764.
2, 3, 17, 61, 6781
What are the prime factors of 1261156710?
2, 3, 5, 11, 3821687
List the prime factors of 458850362.
2, 53, 4328777
What are the prime factors of 1578609?
3, 19489
List the prime factors of 7838329185.
3, 5, 113, 457, 3373
What are the prime factors of 41128?
2, 53, 97
What are the prime factors of 52481357?
31, 1692947
List the prime factors of 261692610.
2, 3, 5, 2333, 3739
What are the prime factors of 2004974765?
5, 10151, 39503
List the prime factors of 133121779.
7, 2716771
List the prime factors of 1048890915.
3, 5, 19, 64567
List the prime factors of 1486381021.
1486381021
List the prime factors of 576847008.
2, 3, 31, 2393
What are the prime factors of 1709813673?
3, 11551, 16447
List the prime factors of 93105239.
157, 179, 3313
What are the prime factors of 20160136?
2, 2520017
List the prime factors of 602403857.
11, 17, 41, 78571
List the prime factors of 2816026.
2, 107, 13159
List the prime factors of 40510724.
2, 103, 98327
List the prime factors of 6539971421.
34949, 187129
What are the prime factors of 37268622?
2, 3, 2070479
What are the prime factors of 5835705?
3, 5, 389047
What are the prime factors of 64142605?
5, 223, 57527
List the prime factors of 5541093811.
11, 47, 10717783
What are the prime factors of 116053543?
17, 1759, 3881
What are the prime factors of 42567947?
47, 905701
List the prime factors of 4134342542.
2, 11, 187924661
List the prime factors of 6429817.
239, 26903
What are the prime factors of 115548936?
2, 3, 47, 102437
List the prime factors of 68345407.
13, 197, 26687
List the prime factors of 78327906.
2, 3, 13054651
What are the prime factors of 443637